{"id":14430,"date":"2025-01-13T10:41:57","date_gmt":"2025-01-13T08:41:57","guid":{"rendered":"https:\/\/pamatskola.bauska.lv\/?page_id=14430"},"modified":"2025-03-06T10:28:36","modified_gmt":"2025-03-06T08:28:36","slug":"par-drosibu","status":"publish","type":"page","link":"https:\/\/pamatskola.bauska.lv\/?page_id=14430","title":{"rendered":"Labb\u016bt\u012bbai"},"content":{"rendered":"<p style=\"text-align: left;\"><span style=\"font-size: 14pt; color: #003300; font-family: 'arial black', sans-serif;\"><img loading=\"lazy\" decoding=\"async\" class=\"wp-image-14454 size-medium alignleft\" src=\"https:\/\/pamatskola.bauska.lv\/wp-content\/uploads\/2025\/01\/sm-300x225.jpg\" alt=\"\" width=\"300\" height=\"225\" srcset=\"https:\/\/pamatskola.bauska.lv\/wp-content\/uploads\/2025\/01\/sm-300x225.jpg 300w, https:\/\/pamatskola.bauska.lv\/wp-content\/uploads\/2025\/01\/sm.jpg 736w\" sizes=\"(max-width: 300px) 100vw, 300px\" \/><\/span><\/p>\n<p>&nbsp;<\/p>\n<p style=\"text-align: left;\"><span style=\"font-size: 14pt; color: #003300; font-family: 'arial black', sans-serif;\">Lai skol\u0101 justos dro\u0161i <\/span><\/p>\n<p style=\"text-align: left;\"><span style=\"font-size: 14pt; color: #003300; font-family: 'arial black', sans-serif;\">gan fiziski, gan emocion\u0101li, <\/span><\/p>\n<p style=\"text-align: left;\"><span style=\"font-size: 14pt; color: #003300; font-family: 'arial black', sans-serif;\">Tev un Taviem vec\u0101kiem noder\u0113s <\/span><\/p>\n<p style=\"text-align: left;\"><span style=\"font-size: 14pt; color: #003300; font-family: 'arial black', sans-serif;\">\u0161\u012b inform\u0101cija un dokumenti!<\/span><\/p>\n<p>&nbsp;<\/p>\n<p><a href=\"https:\/\/pamatskola.bauska.lv\/wp-content\/uploads\/2025\/03\/Zino-par-mobingu.jpg\" data-rel=\"lightbox-image-0\" data-rl_title=\"\" data-rl_caption=\"\" title=\"\"><img loading=\"lazy\" decoding=\"async\" class=\"wp-image-14699 size-thumbnail alignright\" src=\"https:\/\/pamatskola.bauska.lv\/wp-content\/uploads\/2025\/03\/Zino-par-mobingu-150x150.jpg\" alt=\"\" width=\"150\" height=\"150\" srcset=\"https:\/\/pamatskola.bauska.lv\/wp-content\/uploads\/2025\/03\/Zino-par-mobingu-150x150.jpg 150w, https:\/\/pamatskola.bauska.lv\/wp-content\/uploads\/2025\/03\/Zino-par-mobingu-300x300.jpg 300w\" sizes=\"(max-width: 150px) 100vw, 150px\" \/><\/a><\/p>\n<p><span style=\"color: #ff0000; font-family: helvetica, arial, sans-serif;\"><strong><a style=\"color: #ff0000;\" href=\"https:\/\/www.112.lv\/\/file-uploads\/files\/42\/Izgl%C4%ABtojo%C5%A1i%20materi%C4%81li\/Prezent%C4%81cijas\/112pamatskolai_vidusskolai2023.pdf\">PAR VIENOTO VIENOTO \u0100RK\u0100RTAS PAL\u012aDZ\u012aBAS NUMURU 112\u00a0<\/a><\/strong><\/span><\/p>\n<p><span style=\"color: #993366;\"><strong><span style=\"font-family: helvetica, arial, sans-serif;\"><a style=\"color: #993366;\" href=\"https:\/\/www.j4ssk.lv\/adm\/upload\/files\/Rekomend%C4%81cijas%20makets%202004.pdf\">K\u0100 PASARG\u0100T B\u0112RNU NO \u0145IRG\u0100\u0160AN\u0100S (ieteikumi vec\u0101kiem)<\/a><\/span><\/strong><\/span><\/p>\n<p><span style=\"color: #0000ff;\"><strong><span style=\"font-family: helvetica, arial, sans-serif;\"><a style=\"color: #0000ff;\" href=\"https:\/\/nekluse.lv\/\">K\u0100 R\u012aKOTIES MOBINGA GAD\u012aJUM\u0100 SKOL\u0112NIEM, VEC\u0100KIEM, SKOLOT\u0100JIEM<\/a><\/span><\/strong><\/span><\/p>\n<p><a href=\"https:\/\/pamatskola.bauska.lv\/wp-content\/uploads\/2025\/01\/Kartiba-par-ricibu-ja-tiek-konstateta-fiziska-vai-emocionala-vardarbiba-pret-izglitojamo.pdf\"><span style=\"font-family: helvetica, arial, sans-serif; color: #0000ff;\"><strong>K\u0100RT\u012aBA PAR R\u012aC\u012aBU, JA SKOL\u0100 TIEK KONSTAT\u0112TA VARDARB\u012aBA PRET IZGL\u012aTOJAMO<\/strong><\/span><\/a><\/p>\n<p><span style=\"color: #800000;\"><strong><span style=\"font-family: helvetica, arial, sans-serif;\"><a style=\"color: #800000;\" href=\"https:\/\/pamatskola.bauska.lv\/wp-content\/uploads\/2025\/01\/vardarbibas-gadijumu-risinasanas-algoritms-izglitibas-iestades-2024-1.pdf\">VARDARB\u012aBAS GAD\u012aJUMU RISIN\u0100\u0160ANAS ALGORITMS IZGL\u012aT\u012aBAS IEST\u0100D\u0112 2024<\/a><\/span><\/strong><\/span><\/p>\n","protected":false},"excerpt":{"rendered":"<p>&nbsp; Lai skol\u0101 justos dro\u0161i gan fiziski, gan emocion\u0101li, Tev un Taviem vec\u0101kiem noder\u0113s \u0161\u012b inform\u0101cija un dokumenti! &nbsp; PAR VIENOTO VIENOTO \u0100RK\u0100RTAS PAL\u012aDZ\u012aBAS NUMURU 112\u00a0 K\u0100 PASARG\u0100T B\u0112RNU NO \u0145IRG\u0100\u0160AN\u0100S (ieteikumi vec\u0101kiem) K\u0100 R\u012aKOTIES MOBINGA GAD\u012aJUM\u0100 SKOL\u0112NIEM, VEC\u0100KIEM, SKOLOT\u0100JIEM K\u0100RT\u012aBA PAR R\u012aC\u012aBU, JA SKOL\u0100 TIEK KONSTAT\u0112TA VARDARB\u012aBA PRET IZGL\u012aTOJAMO VARDARB\u012aBAS GAD\u012aJUMU RISIN\u0100\u0160ANAS ALGORITMS IZGL\u012aT\u012aBAS &hellip; <a href=\"https:\/\/pamatskola.bauska.lv\/?page_id=14430\">Uz rakstu <span class=\"meta-nav\">&rarr;<\/span><\/a><\/p>\n","protected":false},"author":1,"featured_media":0,"parent":0,"menu_order":0,"comment_status":"closed","ping_status":"closed","template":"","meta":{"footnotes":""},"_links":{"self":[{"href":"https:\/\/pamatskola.bauska.lv\/index.php?rest_route=\/wp\/v2\/pages\/14430"}],"collection":[{"href":"https:\/\/pamatskola.bauska.lv\/index.php?rest_route=\/wp\/v2\/pages"}],"about":[{"href":"https:\/\/pamatskola.bauska.lv\/index.php?rest_route=\/wp\/v2\/types\/page"}],"author":[{"embeddable":true,"href":"https:\/\/pamatskola.bauska.lv\/index.php?rest_route=\/wp\/v2\/users\/1"}],"replies":[{"embeddable":true,"href":"https:\/\/pamatskola.bauska.lv\/index.php?rest_route=%2Fwp%2Fv2%2Fcomments&post=14430"}],"version-history":[{"count":12,"href":"https:\/\/pamatskola.bauska.lv\/index.php?rest_route=\/wp\/v2\/pages\/14430\/revisions"}],"predecessor-version":[{"id":14700,"href":"https:\/\/pamatskola.bauska.lv\/index.php?rest_route=\/wp\/v2\/pages\/14430\/revisions\/14700"}],"wp:attachment":[{"href":"https:\/\/pamatskola.bauska.lv\/index.php?rest_route=%2Fwp%2Fv2%2Fmedia&parent=14430"}],"curies":[{"name":"wp","href":"https:\/\/api.w.org\/{rel}","templated":true}]}}