{"id":14772,"date":"2025-03-26T08:39:22","date_gmt":"2025-03-26T06:39:22","guid":{"rendered":"https:\/\/pamatskola.bauska.lv\/?page_id=14772"},"modified":"2025-11-14T20:17:12","modified_gmt":"2025-11-14T18:17:12","slug":"vakances","status":"publish","type":"page","link":"https:\/\/pamatskola.bauska.lv\/?page_id=14772","title":{"rendered":"Vakances"},"content":{"rendered":"<h2><span style=\"color: #333300;\"><b>2025.\/2026.m.g.<br \/>\n<\/b><b>a<\/b><b>i<\/b><b>cin\u0101m <\/b><b>darb\u0101:<\/b><\/span><\/h2>\n<ul>\n<li><span style=\"font-family: 'arial black', sans-serif; color: #800000;\"><b>psihologu<\/b><\/span><\/li>\n<\/ul>\n<p><span style=\"font-size: 14pt;\"><b>Lai pieteiktos un uzdotu interes\u0113jo\u0161us jaut\u0101jumus,\u00a0 <\/b><\/span><span style=\"font-size: 14pt;\"><b>zvaniet\u00a0 <\/b><\/span><span style=\"font-size: 14pt;\"><span style=\"color: #ff0000;\"><b>63924332\u00a0 <\/b><\/span><\/span><strong><span style=\"font-size: 14pt;\">vai rakstiet\u00a0 \u00a0<\/span><\/strong><span style=\"font-family: 'arial black', sans-serif; font-size: 14pt; color: #ff0000;\">bauska.pamatskola@bauskasnovads.lv<\/span><\/p>\n<p>&nbsp;<\/p>\n","protected":false},"excerpt":{"rendered":"<p>2025.\/2026.m.g. aicin\u0101m darb\u0101: psihologu Lai pieteiktos un uzdotu interes\u0113jo\u0161us jaut\u0101jumus,\u00a0 zvaniet\u00a0 63924332\u00a0 vai rakstiet\u00a0 \u00a0bauska.pamatskola@bauskasnovads.lv &nbsp;<\/p>\n","protected":false},"author":1,"featured_media":0,"parent":0,"menu_order":0,"comment_status":"closed","ping_status":"closed","template":"","meta":{"footnotes":""},"_links":{"self":[{"href":"https:\/\/pamatskola.bauska.lv\/index.php?rest_route=\/wp\/v2\/pages\/14772"}],"collection":[{"href":"https:\/\/pamatskola.bauska.lv\/index.php?rest_route=\/wp\/v2\/pages"}],"about":[{"href":"https:\/\/pamatskola.bauska.lv\/index.php?rest_route=\/wp\/v2\/types\/page"}],"author":[{"embeddable":true,"href":"https:\/\/pamatskola.bauska.lv\/index.php?rest_route=\/wp\/v2\/users\/1"}],"replies":[{"embeddable":true,"href":"https:\/\/pamatskola.bauska.lv\/index.php?rest_route=%2Fwp%2Fv2%2Fcomments&post=14772"}],"version-history":[{"count":15,"href":"https:\/\/pamatskola.bauska.lv\/index.php?rest_route=\/wp\/v2\/pages\/14772\/revisions"}],"predecessor-version":[{"id":15666,"href":"https:\/\/pamatskola.bauska.lv\/index.php?rest_route=\/wp\/v2\/pages\/14772\/revisions\/15666"}],"wp:attachment":[{"href":"https:\/\/pamatskola.bauska.lv\/index.php?rest_route=%2Fwp%2Fv2%2Fmedia&parent=14772"}],"curies":[{"name":"wp","href":"https:\/\/api.w.org\/{rel}","templated":true}]}}