{"id":319,"date":"2013-09-11T07:17:31","date_gmt":"2013-09-11T05:17:31","guid":{"rendered":"http:\/\/pamatskola.wordpress.com\/?page_id=319"},"modified":"2026-02-20T13:46:36","modified_gmt":"2026-02-20T11:46:36","slug":"dokumenti","status":"publish","type":"page","link":"https:\/\/pamatskola.bauska.lv\/?page_id=319","title":{"rendered":"Dokumenti"},"content":{"rendered":"<p><a href=\"https:\/\/pamatskola.bauska.lv\/wp-content\/uploads\/2025\/12\/FAKULTATIVO-NODARBIBU-SARAKSTS.pdf\"><span style=\"color: #008000;\"><strong><span style=\"font-family: 'trebuchet ms', geneva, sans-serif;\"><span style=\"color: #0000ff;\">FAKULTAT\u012aVO NODARB\u012aBU SARAKSTS 2025.\/2026.m.g.<\/span><\/span><\/strong><\/span><\/a><\/p>\n<p><a href=\"https:\/\/pamatskola.bauska.lv\/wp-content\/uploads\/2025\/12\/KONSULTACIJU-SARAKSTS-2025.-26-docx-1.pdf\"><span style=\"font-family: 'trebuchet ms', geneva, sans-serif;\"><strong>KONSULT\u0100CIJU SARAKSTS 2025.\/2026.m.g.<\/strong><\/span><\/a><\/p>\n<p><strong><span style=\"font-family: 'trebuchet ms', geneva, sans-serif;\"><a href=\"https:\/\/pamatskola.bauska.lv\/wp-content\/uploads\/2026\/02\/INTERESU-IZGLITIBA-25_26-2.pdf\">INTERE\u0160U IZGL\u012aT\u012aBAS GRUPAS 2025.\/2026.M.G.<\/a><\/span><\/strong><\/p>\n<p><span style=\"font-family: 'trebuchet ms', geneva, sans-serif;\"><strong><a href=\"https:\/\/pamatskola.bauska.lv\/wp-content\/uploads\/2025\/10\/AUDZINASANAS-PASAKUMU-PLANS-2025.26.pdf\"><span style=\"color: #008000;\"><span style=\"color: #800080;\">AUDZIN\u0100\u0160ANAS PAS\u0100KUMU PL\u0100NS 2025.\/2026.<\/span><\/span><\/a><span style=\"color: #800080;\">m.g.<\/span><\/strong><\/span><\/p>\n<p>&nbsp;<\/p>\n<p style=\"text-align: center;\"><span style=\"color: #333399;\"><strong><em><span style=\"font-family: 'book antiqua', palatino, serif;\">UZ\u0145EM\u0160ANA SKOL\u0100<\/span><\/em><\/strong><\/span><\/p>\n<ul style=\"list-style-type: circle;\">\n<li><strong><em><span style=\"color: #000080; font-family: georgia, palatino, serif;\"><a href=\"https:\/\/pamatskola.bauska.lv\/wp-content\/uploads\/2025\/09\/Iesnieguma-veidlapa_-1.klase_21011111-pamatizglitibas-programma-6.doc\">Iesnieguma veidlapa 1.klase (21011111 &#8211; pamatizgl\u012bt\u012bbas programma)<\/a><\/span><\/em><\/strong><\/li>\n<li><strong><em><span style=\"color: #000080; font-family: georgia, palatino, serif;\"><a href=\"https:\/\/pamatskola.bauska.lv\/wp-content\/uploads\/2025\/09\/Iesniegums-1.klase_21015611-Specialas-pamatizglitibas-programma-izglitojamajiem-ar-macisanas-traucejumiem-5.doc\">Iesniegums 1.klase (21015611\u00a0 &#8211; speci\u0101l\u0101s pamatizgl\u012bt\u012bbas programma izgl\u012btojamajiem ar m\u0101c\u012b\u0161an\u0101s trauc\u0113jumiem)<\/a><\/span><\/em><\/strong><\/li>\n<li><strong><em><span style=\"font-family: georgia, palatino, serif;\"><span style=\"color: #000080;\"><a href=\"https:\/\/pamatskola.bauska.lv\/wp-content\/uploads\/2025\/09\/Iesnieguma-veidlapa-2.-9.-klase_21011111-Pamatizglitibas-programma-8.doc\">Iesnieguma veidlapa\u00a0 2.-9.klase (21011111 &#8211; pamatizgl\u012bt\u012bbas programma)<\/a><\/span><\/span><\/em><\/strong><\/li>\n<li><strong><em><span style=\"font-family: georgia, palatino, serif;\"><a href=\"https:\/\/pamatskola.bauska.lv\/wp-content\/uploads\/2025\/09\/Iesnieguma-veidlapa_-2.-9.klase_21015611-Speciala-programma-5-1.doc\">Iesnieguma veidlapa 2.-9.klase (21015611 &#8211; speci\u0101l\u0101 programma )<\/a><\/span><\/em><\/strong><\/li>\n<\/ul>\n<p>&nbsp;<\/p>\n<p><span style=\"font-family: 'trebuchet ms', geneva, sans-serif;\"><strong><a href=\"https:\/\/pamatskola.bauska.lv\/wp-content\/uploads\/2025\/10\/BAUSKAS-PILSETAS-PAMATSKOLAS-AUDZINASANAS-DARBA-PROGRAMMA-2025.-2028.pdf\">BAUSKAS PILS\u0112TAS PAMATSKOLAS AUDZIN\u0100\u0160ANAS DARBA PROGRAMMA 2025.-2028.<\/a><\/strong><\/span><\/p>\n<p><span style=\"font-family: 'trebuchet ms', geneva, sans-serif; color: #800080;\"><strong><a style=\"color: #800080;\" href=\"https:\/\/pamatskola.bauska.lv\/wp-content\/uploads\/2022\/11\/Bauskas-pilsetas-pamatskolas-karjeras-izglitibas-programma-2020.2025.pdf\">KARJERAS IZGL\u012aT\u012aBAS PROGRAMMA 2020.-2025<\/a><\/strong><\/span><\/p>\n<p><span style=\"color: #993366;\"><strong><span style=\"font-family: 'trebuchet ms', geneva, sans-serif;\"><a style=\"color: #993366;\" href=\"http:\/\/pamatskola.bauska.lv\/wp-content\/uploads\/2013\/09\/IZGL\u012aT\u012aBAS-PROGRAMMAS-UN-LICENCES.pdf\">IZGL\u012aT\u012aBAS PROGRAMMAS UN LICENCES<\/a><\/span><\/strong><\/span><\/p>\n<p><a href=\"https:\/\/pamatskola.bauska.lv\/wp-content\/uploads\/2024\/02\/Kartiba-par-ricibu-izglitojamo-neierasanas-gadijumos_2024.pdf\"><span style=\"color: #0000ff;\"><strong><span style=\"font-family: 'trebuchet ms', geneva, sans-serif;\">K\u0100RT\u012aBA PAR KAV\u0112JUMIEM 2024<\/span><\/strong><\/span><\/a><\/p>\n<p><span style=\"color: #0000ff;\"><strong><span style=\"font-family: 'trebuchet ms', geneva, sans-serif;\"><a style=\"color: #0000ff;\" href=\"https:\/\/pamatskola.bauska.lv\/wp-content\/uploads\/2024\/10\/VERTESANAS-KARTIBA_2024-1.pdf\">M\u0100C\u012aBU SASNIEGUMU V\u0112RT\u0112\u0160ANAS K\u0100RT\u012aBA 2024 (1)<\/a><\/span><\/strong><\/span><\/p>\n<p><span style=\"color: #0000ff; font-family: 'trebuchet ms', geneva, sans-serif;\"><strong><a href=\"https:\/\/pamatskola.bauska.lv\/wp-content\/uploads\/2025\/07\/Ieksejas-kartibas-noteikumi-ar-grozijumiem.pdf\">BAUSKAS PILS\u0112TAS PAMATSKOLAS IEK\u0160\u0112J\u0100S K\u0100RT\u012aBAS NOTEIKUMI 2025<\/a><\/strong><\/span><\/p>\n<p><span style=\"color: #0000ff;\"><strong><span style=\"font-family: 'trebuchet ms', geneva, sans-serif;\"><a style=\"color: #0000ff;\" href=\"https:\/\/pamatskola.bauska.lv\/wp-content\/uploads\/2024\/11\/BAUSKAS-PILSETAS-PAMATSKOLAS-IZGLITOJAMO-DROSIBAS-NOTEIKUMI_2024.pdf\">BAUSKAS PILS\u0112TAS PAMATSKOLAS IZGL\u012aTOJAMO DRO\u0160\u012aBAS NOTEIKUMI 2024<\/a><\/span><\/strong><\/span><\/p>\n<p><a href=\"https:\/\/pamatskola.bauska.lv\/wp-content\/uploads\/2024\/11\/ATTALINATO_MACIBU_ORGANIZESANAS_UN_ISTENOSANAS_KARTIBA.pdf\"><strong><span style=\"font-family: 'trebuchet ms', geneva, sans-serif;\"><span style=\"color: #0000ff;\">ATT\u0100LIN\u0100TO M\u0100C\u012aBU ORGANIZ\u0112\u0160ANAS UN \u012aSTENO\u0160ANAS K\u0100RT\u012aBA<\/span><\/span><\/strong><\/a><\/p>\n<p><strong><span style=\"font-family: 'trebuchet ms', geneva, sans-serif; color: #0000ff;\"><a style=\"color: #0000ff;\" href=\"https:\/\/pamatskola.bauska.lv\/wp-content\/uploads\/2024\/11\/Kartiba-kada-skola-uzturas-nepiederosas-personas.pdf\">K\u0101rt\u012bba, k\u0101d\u0101 skol\u0101 uzturas nepiedero\u0161as personas<\/a><\/span><\/strong><\/p>\n<p>&nbsp;<\/p>\n<p><span style=\"color: #666699;\"><strong><a style=\"color: #666699;\" href=\"https:\/\/pamatskola.bauska.lv\/wp-content\/uploads\/2024\/11\/Bauskas-pilsetas-pamatskolas-attistibas-plans-2023.-2026.g_-003.pdf\"><span style=\"font-family: 'trebuchet ms', geneva, sans-serif;\">BAUSKAS PILS\u0112TAS PAMATSKOLAS ATT\u012aST\u012aBAS PL\u0100NS 2023.-2026.<\/span><\/a><\/strong><\/span><\/p>\n<p><span style=\"color: #666699;\"><strong><span style=\"font-family: 'trebuchet ms', geneva, sans-serif;\"><a style=\"color: #666699;\" href=\"https:\/\/pamatskola.bauska.lv\/wp-content\/uploads\/2024\/11\/BAUSKAS-PILSETAS-PAMATSKOLAS-NOLIKUMS_2024.pdf\">BAUSKAS PILS\u0112TAS PAMATSKOLAS NOLIKUMS 2024<\/a><\/span><\/strong><\/span><\/p>\n<p><a href=\"https:\/\/pamatskola.bauska.lv\/wp-content\/uploads\/2025\/11\/PASNOVERTEJUMA-ZINOJUMS-2025.pdf\"><strong><span style=\"font-family: 'trebuchet ms', geneva, sans-serif;\">BAUSKAS PILS\u0112TAS PAMATSKOLAS PA\u0160NOV\u0112RT\u0112JUMA ZI\u0145OJUMS 2025<\/span><\/strong><\/a><\/p>\n<p><span style=\"color: #666699;\"><strong><span style=\"font-family: 'trebuchet ms', geneva, sans-serif;\"><a style=\"color: #666699;\" href=\"https:\/\/pamatskola.bauska.lv\/wp-content\/uploads\/2024\/11\/BAUSKAS-PILSETAS-PAMATSKOLAS-PASNOVERTEJUMA-ZINOJUMS-2024.pdf\">BAUSKAS PILS\u0112TAS PAMATSKOLAS PA\u0160NOV\u0112RT\u0112JUMA ZI\u0145OJUMS 2024<\/a><\/span><\/strong><\/span><\/p>\n<p><span style=\"color: #666699;\"><strong><span style=\"font-family: 'trebuchet ms', geneva, sans-serif;\"><a style=\"color: #666699;\" href=\"https:\/\/pamatskola.bauska.lv\/wp-content\/uploads\/2022\/03\/Skolas-padomes-reglaments.pdf\">SKOLAS PADOMES REGLAMENTS<\/a><\/span><\/strong><\/span><\/p>\n<p>&nbsp;<\/p>\n<p><em><span style=\"font-family: 'trebuchet ms', geneva, sans-serif;\"><a href=\"https:\/\/pamatskola.bauska.lv\/wp-content\/uploads\/2022\/09\/BAUSKAS-PILSETAS-PAMATSKOLAS-REKVIZITI.pdf\">BAUSKAS PILS\u0112TAS PAMATSKOLAS REKVIZ\u012aTI<\/a><\/span><\/em><\/p>\n<p>&nbsp;<\/p>\n","protected":false},"excerpt":{"rendered":"<p>FAKULTAT\u012aVO NODARB\u012aBU SARAKSTS 2025.\/2026.m.g. KONSULT\u0100CIJU SARAKSTS 2025.\/2026.m.g. INTERE\u0160U IZGL\u012aT\u012aBAS GRUPAS 2025.\/2026.M.G. AUDZIN\u0100\u0160ANAS PAS\u0100KUMU PL\u0100NS 2025.\/2026.m.g. &nbsp; UZ\u0145EM\u0160ANA SKOL\u0100 Iesnieguma veidlapa 1.klase (21011111 &#8211; pamatizgl\u012bt\u012bbas programma) Iesniegums 1.klase (21015611\u00a0 &#8211; speci\u0101l\u0101s pamatizgl\u012bt\u012bbas programma izgl\u012btojamajiem ar m\u0101c\u012b\u0161an\u0101s trauc\u0113jumiem) Iesnieguma veidlapa\u00a0 2.-9.klase (21011111 &#8211; pamatizgl\u012bt\u012bbas programma) Iesnieguma veidlapa 2.-9.klase (21015611 &#8211; speci\u0101l\u0101 programma ) &nbsp; BAUSKAS PILS\u0112TAS PAMATSKOLAS &hellip; <a href=\"https:\/\/pamatskola.bauska.lv\/?page_id=319\">Uz rakstu <span class=\"meta-nav\">&rarr;<\/span><\/a><\/p>\n","protected":false},"author":1,"featured_media":0,"parent":0,"menu_order":4,"comment_status":"closed","ping_status":"closed","template":"","meta":{"footnotes":""},"_links":{"self":[{"href":"https:\/\/pamatskola.bauska.lv\/index.php?rest_route=\/wp\/v2\/pages\/319"}],"collection":[{"href":"https:\/\/pamatskola.bauska.lv\/index.php?rest_route=\/wp\/v2\/pages"}],"about":[{"href":"https:\/\/pamatskola.bauska.lv\/index.php?rest_route=\/wp\/v2\/types\/page"}],"author":[{"embeddable":true,"href":"https:\/\/pamatskola.bauska.lv\/index.php?rest_route=\/wp\/v2\/users\/1"}],"replies":[{"embeddable":true,"href":"https:\/\/pamatskola.bauska.lv\/index.php?rest_route=%2Fwp%2Fv2%2Fcomments&post=319"}],"version-history":[{"count":192,"href":"https:\/\/pamatskola.bauska.lv\/index.php?rest_route=\/wp\/v2\/pages\/319\/revisions"}],"predecessor-version":[{"id":16014,"href":"https:\/\/pamatskola.bauska.lv\/index.php?rest_route=\/wp\/v2\/pages\/319\/revisions\/16014"}],"wp:attachment":[{"href":"https:\/\/pamatskola.bauska.lv\/index.php?rest_route=%2Fwp%2Fv2%2Fmedia&parent=319"}],"curies":[{"name":"wp","href":"https:\/\/api.w.org\/{rel}","templated":true}]}}